{"id":4673,"date":"2026-02-06T18:09:55","date_gmt":"2026-02-06T18:09:55","guid":{"rendered":"https:\/\/www.studioartspot.com\/dev\/shop-fima\/?post_type=product&#038;p=4673"},"modified":"2026-02-20T09:03:03","modified_gmt":"2026-02-20T09:03:03","slug":"termo-kutija-za-lekove-tip-010","status":"publish","type":"product","link":"https:\/\/www.studioartspot.com\/dev\/shop-fima\/proizvod\/termo-kutija-za-lekove-tip-010\/","title":{"rendered":"Termo kutija za lekove tip 010"},"content":{"rendered":"<p>Kutije su proizvedene od ekpandiranog polistirena koji je jedan od najboljih termoizolatora i isporu\u010duje se sa poklopcem u kartonskoj ambala\u017ei.<br \/>\nKutija ima le\u017ei\u0161te za prste za lak\u0161u manipulaciju.<br \/>\nPoseduje izve\u0161taje o ispitivanju zdravstvene ispravnosti predmeta op\u0161te upotrebe i mogu se koristiti za skladi\u0161tenje i transport lekova(ili prema potrebi).<\/p>\n","protected":false},"excerpt":{"rendered":"<p>Dimenzije: 510 x 310 x 195mm<\/p>\n<p>Napomena: Tro\u0161kovi isporuke mogu varirati srazmerno koli\u010dini i te\u017eini paketa.<\/p>\n<p>Minimalna koli\u010dina za poru\u010divanje je 500 kom.<\/p>\n<p>&nbsp;<\/p>\n","protected":false},"featured_media":4712,"template":"","meta":[],"product_brand":[],"product_cat":[77],"product_tag":[102,114,115,103],"class_list":{"0":"post-4673","1":"product","2":"type-product","3":"status-publish","4":"has-post-thumbnail","6":"product_cat-ambalaza","7":"product_tag-ambalaza","8":"product_tag-fima","9":"product_tag-kutija","10":"product_tag-pakovanje","11":"product_shipping_class-66","13":"first","14":"instock","15":"taxable","16":"shipping-taxable","17":"purchasable","18":"product-type-simple"},"_links":{"self":[{"href":"https:\/\/www.studioartspot.com\/dev\/shop-fima\/wp-json\/wp\/v2\/product\/4673","targetHints":{"allow":["GET"]}}],"collection":[{"href":"https:\/\/www.studioartspot.com\/dev\/shop-fima\/wp-json\/wp\/v2\/product"}],"about":[{"href":"https:\/\/www.studioartspot.com\/dev\/shop-fima\/wp-json\/wp\/v2\/types\/product"}],"wp:featuredmedia":[{"embeddable":true,"href":"https:\/\/www.studioartspot.com\/dev\/shop-fima\/wp-json\/wp\/v2\/media\/4712"}],"wp:attachment":[{"href":"https:\/\/www.studioartspot.com\/dev\/shop-fima\/wp-json\/wp\/v2\/media?parent=4673"}],"wp:term":[{"taxonomy":"product_brand","embeddable":true,"href":"https:\/\/www.studioartspot.com\/dev\/shop-fima\/wp-json\/wp\/v2\/product_brand?post=4673"},{"taxonomy":"product_cat","embeddable":true,"href":"https:\/\/www.studioartspot.com\/dev\/shop-fima\/wp-json\/wp\/v2\/product_cat?post=4673"},{"taxonomy":"product_tag","embeddable":true,"href":"https:\/\/www.studioartspot.com\/dev\/shop-fima\/wp-json\/wp\/v2\/product_tag?post=4673"}],"curies":[{"name":"wp","href":"https:\/\/api.w.org\/{rel}","templated":true}]}}