{"id":4522,"date":"2026-02-06T18:07:34","date_gmt":"2026-02-06T18:07:34","guid":{"rendered":"https:\/\/www.studioartspot.com\/dev\/shop-fima\/?post_type=product&#038;p=4522"},"modified":"2026-03-02T20:56:35","modified_gmt":"2026-03-02T20:56:35","slug":"eps-kontejner-za-rasad-209-otvora","status":"publish","type":"product","link":"https:\/\/www.studioartspot.com\/dev\/shop-fima\/proizvod\/eps-kontejner-za-rasad-209-otvora\/","title":{"rendered":"EPS Kontejner za rasad &#8211; 209 otvora"},"content":{"rendered":"<p>Kontejneri se naj\u010de\u0161\u0107e koriste za rasad salate, blitve, kupusa, paprike, paradajza, lubenice, dinje, cve\u0107a, duvana&#8230; Gajenje sadnica u EPS kontejnerima omogu\u0107ava ujedna\u010den rast, presa\u0111ivanje sa supstratom, ma\u0161insku sadnju&#8230;<\/p>\n","protected":false},"excerpt":{"rendered":"<p>Dimenzije: 515x300x55mm<br \/>\nDimenzije otvora: fi 25mm<\/p>\n<p>&nbsp;<\/p>\n<p>Napomena: Tro\u0161kovi isporuke mogu varirati srazmerno koli\u010dini i te\u017eini paketa.<\/p>\n","protected":false},"featured_media":4626,"template":"","meta":[],"product_brand":[],"product_cat":[78],"product_tag":[],"class_list":{"0":"post-4522","1":"product","2":"type-product","3":"status-publish","4":"has-post-thumbnail","6":"product_cat-poljoprivreda","7":"product_shipping_class-kontejneri_saksije","9":"first","10":"instock","11":"taxable","12":"shipping-taxable","13":"purchasable","14":"product-type-simple"},"_links":{"self":[{"href":"https:\/\/www.studioartspot.com\/dev\/shop-fima\/wp-json\/wp\/v2\/product\/4522","targetHints":{"allow":["GET"]}}],"collection":[{"href":"https:\/\/www.studioartspot.com\/dev\/shop-fima\/wp-json\/wp\/v2\/product"}],"about":[{"href":"https:\/\/www.studioartspot.com\/dev\/shop-fima\/wp-json\/wp\/v2\/types\/product"}],"wp:featuredmedia":[{"embeddable":true,"href":"https:\/\/www.studioartspot.com\/dev\/shop-fima\/wp-json\/wp\/v2\/media\/4626"}],"wp:attachment":[{"href":"https:\/\/www.studioartspot.com\/dev\/shop-fima\/wp-json\/wp\/v2\/media?parent=4522"}],"wp:term":[{"taxonomy":"product_brand","embeddable":true,"href":"https:\/\/www.studioartspot.com\/dev\/shop-fima\/wp-json\/wp\/v2\/product_brand?post=4522"},{"taxonomy":"product_cat","embeddable":true,"href":"https:\/\/www.studioartspot.com\/dev\/shop-fima\/wp-json\/wp\/v2\/product_cat?post=4522"},{"taxonomy":"product_tag","embeddable":true,"href":"https:\/\/www.studioartspot.com\/dev\/shop-fima\/wp-json\/wp\/v2\/product_tag?post=4522"}],"curies":[{"name":"wp","href":"https:\/\/api.w.org\/{rel}","templated":true}]}}